0. What is u(0)?
-18
Let v(z) = 78 + z - 52 - 51. Determine v(0).
-25
Let k(d) = -3 - 93*d**3 + 5*d**2 - 8*d + 94*d**3 - 6 + 0*d**2. What is k(-6)?
3
Suppose -26 + 1 = -5*y. Let g = 8 - y. Let a(j) = -6*j**3 - 9*j**2 + 36*j - 31. Let c(n) = n**3 + 2*n**2 - 7*n + 6. Let f(d) = -2*a(d) - 11*c(d). What is f(g)?
2
Let v(h) be the first derivative of -h**4/4 + 8*h**3/3 + 4*h**2 - 6*h + 126. What is v(9)?
-15
Let a(p) = 5*p**3 - 73*p**2 - 30*p + 19. Let l(s) = -s**3 + 14*s**2 + 6*s - 4. Let t(q) = -2*a(q) - 11*l(q). Give t(8).
-42
Let l(j) = j**2 - j + 0*j**2 + 1 - 4*j**3 - 5*j**3. Let p be (1 - (-7)/(-19 + 5))*2. What is l(p)?
-8
Suppose -3*b - 11 = 2*g, -9*b = -5*b + g + 8. Let i(z) = -25*z**2 + z. Give i(b).
-26
Suppose -d + 6 = 16. Let x = d - -23. Let a(p) = 0*p**2 - 7 - p**3 + x*p - 6*p + 4*p**2. Calculate a(5).
3
Let v(s) = -6*s - 8. Let f be v(0). Let g(a) = -a**3 - 7*a**2 + 7*a - 9. Give g(f).
-1
Suppose 2*o = 2*f - 94, 4*f - 161 = -2*o + 45. Let a(j) = -28*j**2 + f*j**2 + 2 - 21*j**2 - 3*j - 6. Give a(3).
-4
Suppose -4*p = -8*p + h + 53, -5*p + 40 = 4*h. Suppose 5*m - 8 = p. Let l(q) be the first derivative of -q**2/2 - q - 186. Determine l(m).
-5
Let b(x) = -6*x + 8*x - x + 1. Let h(g) = 2*g + 1. Let c(o) = 3*b(o) - 4*h(o). Let a(p) = p**3 - 3*p**2 + p + 1. Let n be a(2). Give c(n).
4
Let l(b) be the first derivative of 35*b**4/4 + 2*b**3/3 + b**2 + b + 2. Give l(-1).
-34
Suppose -234*o + 236*o + 20 = 0. Let f(k) = 2*k + 16. Calculate f(o).
-4
Suppose -5*b + 5 = 0, 5*w + b + 3*b + 71 = 0. Let g be 1/(1 - (-3 - w/4)). Let i(c) = -3*c + 5. Calculate i(g).
-7
Let d be (-2)/(-2)*1*-7. Let v(j) be the second derivative of j**5/20 + 7*j**4/12 + j**3/6 - 34*j. Determine v(d).
-7
Let i(x) = -7*x - 5. Let h(u) = -6*u. Let j(n) = -2*h(n) + i(n). What is j(-4)?
-25
Let y = -57 - -62. Let i(x) = x**3 - 4*x**2 - 2*x - 17. Let j be i(y). Let u(c) = 4*c + 2. Calculate u(j).
-6
Let n(q) = -q**2 - 2*q + 37. Let s be -11 + (8 - 7) + 10. Determine n(s).
37
Let f be (-3)/12 - 66/(-8). Suppose -c - 4*o = 9, -2 = 5*o + f. Let g(y) be the third derivative of -7*y**5/60 + y**4/12 + y**3/6 - 637*y**2. Determine g(c).
-8
Let p(k) be the first derivative of 1/2*k**2 - 10*k - 6. Give p(7).
-3
Let j(l) = l + 4*l**3 + 114*l**2 - 114*l**2. Let t = 6 - 12. Let b = 5 + t. Calculate j(b).
-5
Let i(n) be the first derivative of -n**4/4 - 8*n**3/3 - 4*n**2 - n + 384. Let t(s) = 4*s + 6. Let g be t(-4). Let k = 3 + g. What is i(k)?
6
Let n be 2/(-8) + 10621/52. Let v(h) = -201 + 4*h + n - h. Give v(-4).
-9
Suppose 115 = -n + 23. Let g = n + 94. Let f(j) = -2*j**2 - 2 + 2 + 2*j**3 - 3*j + 2. Give f(g).
4
Let c(u) be the first derivative of -1/2*u**2 - 2*u**3 - 39 - 6*u - 1/4*u**4. What is c(-6)?
0
Suppose -3*h = 5*y + 37, 2*y = 7*y - h + 21. Let w(z) = z**3 + z - 12. Let o(p) = p**2 + 1. Let v(a) = 6*o(a) + w(a). Give v(y).
14
Suppose 0 = 4*j + 52 - 40. Let g(b) = 2 + 5*b + 0*b - 2*b. Give g(j).
-7
Let t = 0 + -3. Let w(v) = v. Let b(h) = -4*h + 6. Let f(s) = t*w(s) - b(s). Suppose 5*l = 20 - 5. Give f(l).
-3
Let b(h) = 14*h**2 + h**3 - 19*h**2 + 7*h**2 + 1 + 7*h + 6*h**2. Determine b(-7).
1
Let w(b) = b**2 - 7*b + 1. Let k be w(6). Let c(y) be the second derivative of y**5/20 + y**4/2 + 2*y**3/3 - y**2 + 1429*y. What is c(k)?
3
Let p(z) be the third derivative of 1/6*z**4 + 1/120*z**5 + 4*z**2 + 0 + 0*z - 1/360*z**6 + 0*z**3. Let h(a) be the second derivative of p(a). Determine h(-2).
5
Let t(q) = -14*q**2 + 1. Let b = 469 + -468. Give t(b).
-13
Let g(r) = -r**2 - r + 7. Let a(c) = c**2 + 7*c - 42. Let y(x) = -a(x) - 6*g(x). Let w be -1*(-2)/(-2) + 2. Determine y(w).
4
Let s be 1 + (-9 - 2/1). Let z be (-72)/(-30) + 4/s. Let n be z - (-3 + 1)*1. Let t(u) = -u**2 + 7*u - 6. Give t(n).
6
Let d(a) = 0*a**2 + 9*a - 85 - a**2 + 82. Let n = -6 + 12. Calculate d(n).
15
Let m = 66 - 56. Let s(z) = -12 - m + 30 + 2*z - 11. Calculate s(2).
1
Let g = 15 - -5. Let b be (90/g)/(6/(-8)). Let u(j) = j. Give u(b).
-6
Suppose -4 = 4*h, h + 43 = 4*g + 6*h. Let l(p) = 22*p + 20. Let t(u) = -3 - 9*u - 4 + 0 - 1. Let x(v) = g*t(v) + 5*l(v). Determine x(4).
12
Suppose -v = -3*s + 13, 0 = 3*s - 34 + 28. Let q(h) = -h**3 - 6*h**2 + 6*h - 7. What is q(v)?
0
Let a(o) = o**2 + 14*o + 18. Let q be a(-13). Let l(j) = 5*j + 3. Calculate l(q).
28
Let u(n) = n - 1. Let b be u(3). Let z(c) = -c**2 - 6*c + 6. Let r be z(0). Let q(t) = r*t + 0*t + b - 3*t - t. Determine q(-5).
-8
Let n(x) = -4*x. Let u be (-2 + (-4 - -4))*2. What is n(u)?
16
Let i(c) = -c**2 + 4*c - 5. Let n(l) = 2*l**2 - 4*l + 11. Let x(r) = 7*i(r) + 4*n(r). What is x(-12)?
9
Suppose 4*t = 7*t - 2*j + 41, -4*j = -16. Let d(s) = -s**2 - 12*s - 13. What is d(t)?
-2
Let i(g) = g**3 + 4*g**2 - 5*g - 6. Suppose -3*c + 5*w = -31, 0 = -4*c + 3*w + 20 + 3. Suppose -2*t = 4*u + 12, c*u + 2*t = -2*t + 6. Calculate i(u).
-6
Let z(d) be the first derivative of d**3/6 + 5*d**2/2 + 12*d + 5. Let a(j) be the first derivative of z(j). Calculate a(-9).
-4
Let p(o) = -2*o + 2. Let r be p(-2). Let g(s) be the second derivative of 4*s + 1/12*s**4 - s**3 + 0 - 3*s**2. What is g(r)?
-6
Let g(b) = b**2 + b + 1. Let u(q) be the third derivative of -q**5/60 + q**4/4 + q**3/3 + 14*q**2. Let r(a) = 2*g(a) + u(a). What is r(-6)?
-8
Let o(j) be the first derivative of -9*j - 7/2*j**2 - 2*j**3 + 9 + 1/4*j**4. Calculate o(7).
-9
Let j(k) be the second derivative of k**3/2 - 9*k**2/2 + 2*k + 26. Let o = 109 - 102. Determine j(o).
12
Let z(v) = v - 1. Let f(m) = 3*m - 11. Let w(g) = f(g) - 2*z(g). Give w(10).
1
Let u be ((-24)/40)/(1/(-10)). Let c(w) = -u*w + 1 - w**3 + 6*w - 19 + w**2. What is c(0)?
-18
Let b be (-7)/((-35)/30) - 7. Let s(d) = 2*d**2 - 3*d - 2. Calculate s(b).
3
Suppose -3*c = -27*c + 360. Let y(v) = -v**3 + 16*v**2 - 17*v + 32. Calculate y(c).
2
Let v(h) = -h**2 + h - 1. Let m(i) = i**3 - 12*i**2 + 10*i + 3. Let s(q) = m(q) - 4*v(q). Suppose -2*j = 10*j - 84. What is s(j)?
0
Suppose -3*y = -4*y - 6. Let u(l) = -17*l**3 - 7*l**2 - 9*l + 10. Let q(w) = -47*w**3 - 21*w**2 - 26*w + 29. Let h(z) = 4*q(z) - 11*u(z). Give h(y).
0
Let m(h) be the first derivative of h**3/3 - 19*h**2/2 - 12*h + 640. Determine m(16).
-60
Let x(w) = -2*w**2 + w**2 + 1 + 5*w + w**2 - 3*w + 2*w**2. Give x(2).
13
Let n(c) be the first derivative of -1 - 1/2*c**2 - 4*c. What is n(-7)?
3
Let y(b) be the second derivative of 3*b**5/20 - b**4/12 + b**2/2 - 3*b. Let g = 26 + -27. Determine y(g).
-3
Let j be (6/(-4))/(26/(-52)). Let u(o) = 18*o + 1. Calculate u(j).
55
Suppose -20 = -c - 4*c. Suppose k - 8 = -c*b + 57, -4*b = 4*k - 56. Suppose 3*h = -b + 2. Let m(r) = r + 2. Calculate m(h).
-3
Let o be (0/1)/((-392)/(-98)). Let b(m) = -m**3 - 4*m - 13 + 3*m + m**2 + 0*m. Calculate b(o).
-13
Let r(d) = 5*d - 6. Let f(z) = -4*z**2 + 77*z - 13. Let m be f(19). Determine r(m).
24
Let p(g) = -103*g + 99*g - 3 - 14. Let w be p(-6). Let x(q) = -42*q**3 - 6*q + 41*q**3 - 2 + w*q**2 - q. What is x(6)?
-8
Suppose 6*c - 29 = 1. Suppose 5*u + 0*u = -c, 5*d = 3*u + 18. Let p(o) be the third derivative of -o**6/120 + o**5/20 - o**4/8 + 2*o**3/3 - 3*o**2. Give p(d).
-5
Let h(d) = -d**3 - 6*d**2 + 2. Let p = -11 + 39. Let j be -6 - -1 - 18/(-45)*15. Suppose 0 = 4*y - r + p, -y - 19 = -3*r - j. Give h(y).
2
Suppose -i - 35 = -4*g + 6, 40 = 5*g + i. Let r(k) be the second derivative of -k**5/20 + 3*k**4/4 + k**3/6 - 4*k**2 - k + 39. Determine r(g).
1
Let d(f) be the second derivative of -f**3/6 + 6*f**2 - 3*f. Let o be d(8). Let z = o - 7. Let v(w) = -3*w - 1. Calculate v(z).
8
Let p(c) be the third derivative of -23*c**5/60 + c**4/6 + c**3/3 - 939*c**2. Give p(-1).
-25
Let m(u) = -24*u + 3. Let l(t) = 20*t - 2. Let d(s) = -7*l(s) - 6*m(s). Let c = 3 - 0. Calculate d(c).
8
Let l(g) = -g + 17. Let t(m) = m**3 + 11*m**2 - 15*m - 22. Let k be t(-12). What is l(k)?
3
Let w = -28 - -803. Let n(v) = v - 20*v**2 + 775 - w. Calculate n(-1).
-21
Let v(q) = -35 + 0*q**2 - q**2 - 7 - 12*q + 18. Calculate v(-10).
-4
Let o(w) = -w**2 - 8*w + 1. Let b = -324 - -316. Give o(b).
1
Suppose 3*l + 35 = 56. Let z(q) = q**3 - 6*q**2 - 5*q - 3. Determine z(l).
11
Suppose -47*w + 48 = 377. Let u(c) = -c**2 - 6*c + 9. What is u(w)?
2
Let h(v) = -13*v**2 + 21*v + 27. Let l(f) = 3*f**2 - 5*f - 7. Let d(r) = -2*h(r) - 9*l(r). Let b